common factor of 53 and y?
53
Let a(v) = 90*v + 1. Let t be a(1). Suppose -57*y - 4*g - 145 = -60*y, 3*y + 3*g = 96. What is the greatest common divisor of y and t?
13
Let b = 1791 + -1629. Let o = -121 + 256. What is the greatest common divisor of o and b?
27
Suppose -j = -5*a + 236, -5*j - 76 = 6*a - 8*a. Let k be (25/15)/(1/a). Calculate the highest common factor of k and 16.
16
Suppose 183 - 2409 - 2730 = -354*k. Let p be 145 + 2 - (-1 - -1). Calculate the highest common factor of k and p.
7
Suppose 2*i = -2*g + 4*g + 794, 0 = -4*i + 2*g + 1586. Let n be 1662/69 + (23 - 5841/253). What is the highest common divisor of i and n?
12
Suppose 491*o - 176000 = 171*o. Calculate the greatest common divisor of 950 and o.
50
Let u = -9 - -17. Let c be (-2 - 49/(-4)) + (-17)/68. Suppose -i = -3*t + 7, -5*i = -c*i + 2*t + 30. What is the highest common divisor of u and i?
8
Suppose -5*m + 4*k + 163 = -0*m, -2*k = -6. Let p = -232 - -242. Let q be (p/5)/(0 + (-2)/(-5)). What is the highest common factor of q and m?
5
Let t be (-231)/(-21) + 66/3. Let i(p) = 15*p**2 + 5*p - 4. Let l be i(5). Calculate the highest common factor of l and t.
33
Let t = -36 - -111. Let y = -69 + t. Let u = 3 - 0. What is the greatest common factor of u and y?
3
Let x(a) = -1077*a + 102. Let s be x(-1). Calculate the highest common factor of 131 and s.
131
Suppose -2*w - 260*z = -265*z - 2375, -3530 = -3*w + 14*z. What is the greatest common factor of w and 1140?
60
Let i(r) = 55*r**2. Let c be i(-1). Let y(n) = n**2 + 3*n - 66. Let v = 281 - 292. Let w be y(v). What is the highest common factor of w and c?
11
Suppose -5*p + 2 = 2*u - 2, 0 = -4*u - p + 26. Let y(l) = l + 11. Let o = 242 - 239. Let k be y(o). Calculate the greatest common divisor of k and u.
7
Suppose 5*b = 5*d + 385, 3*b = 2*d + 8 + 218. What is the highest common factor of 4194 and b?
18
Let k(l) = l + 17. Let a be k(1). Suppose a*b + 10 = 244. What is the highest common factor of b and 325?
13
Let a(p) = p**2 + 4*p - 5. Let r be a(-8). Let q be (10/(-45))/((-6)/r). Let l be 8704/51 + (12/9 - q). What is the greatest common divisor of 9 and l?
9
Suppose 24*o = 18*o + 2724. Suppose -2*h + o - 154 = 0. Suppose 3*s + j + 11 - 59 = 0, 0 = 3*s - 2*j - 39. What is the highest common factor of h and s?
15
Suppose -3*f - 4*n + 621 - 185 = 0, 4*f - 4*n = 628. What is the highest common factor of f and 1444?
76
Let i = 232 - 228. Suppose -2*q - 2*y + 25 = -95, 0 = -i*q - 2*y + 230. Calculate the greatest common divisor of q and 22.
11
Let g be (-107515)/(-80) + (372/(-192) - -2). What is the greatest common divisor of g and 9?
3
Suppose 8*i = 527 - 407. Suppose 3*o + 71 = c - 25, -o - 312 = -3*c. Calculate the highest common divisor of c and i.
15
Let g be (-2199)/(-11) - (5 - 1288/253). What is the highest common factor of 16300 and g?
100
Let a = 234 + -221. Suppose 1105 = 18*t - 13*t. What is the highest common factor of t and a?
13
Suppose 0 = -51*t - 147 + 1371. What is the highest common factor of 696 and t?
24
Let m(h) = -29*h**3 + 32*h**2 + 65*h - 2. Let j be m(-4). Calculate the greatest common factor of 1134 and j.
162
Suppose 0 = -2696*z + 2717*z - 17472. Calculate the greatest common divisor of z and 384.
64
Suppose 26*m - 62 = 42. Suppose 3*k = -2*k + m*c + 1245, k - 249 = 5*c. Calculate the greatest common factor of 166 and k.
83
Let g(s) = 503*s**2 + 5*s - 4. Let f be g(1). What is the highest common factor of f and 40?
8
Let q = -9582 - -9782. Calculate the highest common divisor of q and 22.
2
Let m be (640*(-72)/(-4992))/((-3)/(-26)). Let b = 27 - -33. What is the highest common factor of m and b?
20
Let r(l) be the third derivative of l**4/12 - 8*l**3 - 3*l**2. Let o be r(26). What is the greatest common divisor of o and 44?
4
Suppose 5*j = 3*y + 1990, 3*j - 4*y - 376 = 829. What is the highest common factor of j and 2133?
79
Suppose -3*k + 5*z = k - 21173, 0 = -3*z - 3. Suppose -21*p + k = 21*p. What is the greatest common divisor of 168 and p?
42
Let s be ((-184)/(-30))/(-1) + (-2)/(-15). Let n be 9/s*-1 + 13/(-2). Let o = n - -10. What is the highest common divisor of 15 and o?
5
Let i be -48 + (1 + 7)/(-2). Let j = 56 + i. Let d be j/18 - 25*(-1)/9. Calculate the greatest common divisor of 3 and d.
3
Let m = -4651 + 12050. Calculate the greatest common factor of 98 and m.
49
Suppose 0*k = 4*b - k - 107, -5*b - k + 136 = 0. Suppose 36 = -415*n + 420*n - 3*d, 0 = n + 3*d. Calculate the highest common divisor of n and b.
3
Let d(u) = -4*u - 4. Let s be d(-4). Let g be (-3 - -7 - 1)*104/26. Calculate the highest common divisor of s and g.
12
Let r = 305 + -217. What is the highest common divisor of r and 2552?
88
Let h(s) = -s**2 + 67*s - 187. Let z be h(63). What is the greatest common factor of 40 and z?
5
Let r = -1091 - -1122. Calculate the highest common factor of 2914 and r.
31
Let y(m) = 4*m**2 + 106*m - 8. Let a be y(-29). What is the highest common factor of a and 246?
6
Let u(i) = 19*i**3 + 2*i**2 - 6*i + 5. Let k be u(2). Let q be (k/(-12))/(3*4/(-352)). Calculate the greatest common divisor of 22 and q.
22
Let b(l) = -138*l**3 - 2*l**2 + l. Let k be b(-1). Suppose 81*v = 76*v + k. Calculate the greatest common divisor of 27 and v.
27
Let r(x) = -6*x + 80. Let d be r(-46). Let l = -231 + d. Suppose -12 - 8 = -4*b. What is the highest common divisor of b and l?
5
Let p = 792 - 722. What is the greatest common factor of p and 1330?
70
Suppose -3*w - 2*v = -138, 0 = 105*w - 106*w + 2*v + 38. Let h = 49 - -50. What is the greatest common factor of w and h?
11
Let x be (12*3)/(4 - 2). Let o = x + -15. Let d be o*3*6/18. Calculate the highest common factor of d and 21.
3
Suppose -3*b + 5*u + 1957 = -7559, 3*b - 2*u = 9525. What is the greatest common factor of b and 9?
9
Let f(k) = k**2 + 14*k - 54. Suppose 0 = 103*t - 100*t - 12. Let o be f(t). Suppose -42 = -5*u + 588. What is the highest common divisor of u and o?
18
Let u = 9744 + -9711. What is the greatest common divisor of 447 and u?
3
Let r = 836 + -826. Let j = -237 + 469. Suppose 0*t = -p - 2*t + 118, j = 2*p + 3*t. Calculate the greatest common divisor of r and p.
10
Let g be 4024 + (-4)/24 + (-62)/(-12). Calculate the greatest common divisor of 158 and g.
79
Let t = 151 + -149. Suppose 10 = -t*g + 46. Let s = 354 + -192. Calculate the greatest common factor of g and s.
18
Let g = 3564 - 3469. Calculate the highest common divisor of 6365 and g.
95
Suppose 5*b = 2*b + 90. Suppose 2417 = 14*d - 3001. Let h = -381 + d. What is the highest common factor of h and b?
6
Suppose -277 = 178*i - 1087 - 6310. Let g be 1 - -1 - (-30 - 0). Calculate the highest common factor of i and g.
8
Suppose 4*x + 3*f + 49 = 0, -x - 9 = 2*f + 2. Let d be (x - 85)*(-2)/7. What is the highest common divisor of 42 and d?
14
Suppose -3*k + 5*y + 775 = 0, 1303 = -13*k + 18*k + 3*y. Let q = k + -244. Calculate the greatest common divisor of 6 and q.
2
Let v = 52 + -32. Suppose -2*l - l = 2*g - 97, -92 = -5*l + 3*g. What is the highest common factor of v and l?
5
Let n = -144 - -131. Let c(w) = -12*w - 116. Let p be c(n). Let s be (-200)/3*3/(-2). Calculate the greatest common factor of p and s.
20
Let i = 272 - 275. Let w be (-718)/i - 12/(-18). Calculate the highest common factor of w and 12.
12
Let r(y) = 1084*y - 6406. Let d be r(6). Calculate the highest common factor of d and 406.
14
Let z be ((-459)/(-187))/(5/55). What is the highest common divisor of z and 7101?
27
Suppose 21*n + 69000 = 146*n. What is the greatest common divisor of n and 345?
69
Suppose 4*i = 2*k + 50, -5*k - 20 = -i - 3*k. Suppose 0 = -2*s - 10, -s = 5*x - 2*s - 455. Calculate the greatest common factor of i and x.
10
Suppose -d = 3*s - 1133, -2*d + 2 = -4*d. Let o = -248 - -257. What is the highest common factor of o and s?
9
Let f be (-2 - -746)*((-264)/36)/(-22). What is the greatest common factor of 4 and f?
4
Let n be (-5174)/(-65) + 2/5 + 0. Let k = n - 72. Let o be 2/((-2)/k + 4/8). Calculate the greatest common divisor of o and 2.
2
Suppose -4*u + 537 = 49. Calculate the highest common divisor of 13054 and u.
122
Suppose 1099462 = 51*g + 142447. Calculate the highest common divisor of g and 27.
27
Let h = -6273 - -8089. What is the greatest common factor of h and 8?
8
Let t